*z + 2. Let l be h(c). Let r = l + 35. What is the tens digit of r?
1
Suppose h = -1, -3*p = -4*h - 223 - 393. What is the units digit of p?
4
Let o(p) = -8*p + 0*p - 6 - 3*p**2 - 4*p**2 - p**3. What is the units digit of o(-6)?
6
Let h(f) = -6*f + 2*f - 2 + 2*f + f**3. What is the tens digit of h(3)?
1
What is the units digit of 20/(-16)*456/(-6)?
5
Let x = -5 - -15. Suppose -4*a + 1 = 4*t - 87, -4*t + 72 = -4*a. Suppose -5*j + t = -x. What is the units digit of j?
6
Suppose -2*m + 4*m - 22 = 0. What is the tens digit of m?
1
Suppose 0 = i - 4*d - 105 + 27, -2*d = 2*i - 146. What is the units digit of i?
4
Let q(x) = -x**3 - 5*x**2 - x - 3. Let z(s) = -s**3 - 5*s**2 - 2*s - 3. Let c(b) = -7*q(b) + 6*z(b). What is the tens digit of c(-5)?
2
Let k(x) = x**2 + 4*x + 7. Let i(w) = -w**2 - 3*w - 6. Let c(v) = -5*i(v) - 4*k(v). What is the tens digit of c(-3)?
1
Let k(l) = -l**3 - 11*l**2 - 13*l - 1. Let i be k(-10). Let x = -14 + i. What is the tens digit of x?
1
Suppose -n = 4*c - 35, -c = -4*c - 5*n + 22. Let f be 86/18 + 2/c. Suppose -2*o = 6, 5*l - f*o - 15 = 15. What is the units digit of l?
3
Let y = 68 + -46. What is the units digit of y?
2
Suppose -2*l = -6*l + 16. What is the tens digit of (23/(-4))/(l/(-16))?
2
Let y(m) be the second derivative of m**5/20 + 2*m**4/3 - 2*m**3 - m**2/2 + 3*m. What is the tens digit of y(-9)?
2
Suppose -1435 = -7*q - 588. What is the tens digit of q?
2
Suppose 3*y - 28 = t, 4*y + 4*t - 20 = t. Let o(j) = j**2 - 10*j - y + 11 + 10. What is the units digit of o(9)?
4
Suppose 2*z = -2*y + 39 + 21, 4 = y. Suppose z*w + 20 = 27*w. What is the tens digit of w?
2
Let s(x) = x**2 + 3*x + 3. Let h be s(-3). Suppose 0 = -5*w - 3*v + 19, -3*w + w = -h*v - 16. What is the units digit of w?
5
Let u = 16 - -230. What is the tens digit of u?
4
Let d(r) = -r + 2. Let u be d(5). What is the tens digit of (-65)/(-3) + 2/u?
2
Let f be 3/2*10/1. Let v = -6 + f. What is the units digit of v?
9
Let h(j) = -2*j. Let p(b) = -b. Let x(s) = -h(s) + 4*p(s). Let t be x(-2). Suppose -6*i + t*i = -20. What is the units digit of i?
0
Suppose -5*g + 17 = 2. Let n be (4*-1)/(g + -2). Let q = n + 9. What is the units digit of q?
5
Let o = -31 - -52. What is the tens digit of o?
2
Suppose -36*l - 36 = -40*l. What is the units digit of l?
9
Suppose 2*a - 5*a = 0. Suppose -4*p = q - 101 - 6, a = 5*p - 4*q - 139. What is the units digit of p?
7
Let i be (-3 + 1)*(5 - 2). Let z = 1 + i. What is the units digit of z/(-10) - (-10)/4?
3
Let l = 31 - -20. Let r = l + -31. What is the units digit of r?
0
Let u(i) = -i**2 - i**3 + 4*i + 1 - 2*i**2 + 2 - 1. Let d be u(-4). What is the units digit of (2/3)/(d/27)?
9
Suppose 2*h - 13 - 19 = 0. Let o be 2/2 + h - 2. What is the units digit of (9/o)/((-1)/(-10))?
6
What is the units digit of 0*(-3)/(-12) - -4?
4
Suppose 3*b + 15 = -n + 1, 5*b + 20 = -5*n. Let j(t) = 5*t**2 + n + 4*t + 3*t - 6*t**2. What is the tens digit of j(5)?
1
Suppose 26 = n - 2*n. Let z = 36 + n. What is the units digit of 8/5 - z/(-25)?
2
Let b(o) = -o**3 - o**2 + 1. Let a be b(-1). What is the units digit of a + (2/2 - -27)?
9
What is the tens digit of (-1 + 0)/(12/(-132))?
1
What is the units digit of (2 + -4 - -1)*-51?
1
Let w(n) = 10*n**3 + n**2 - 3*n - 4. What is the hundreds digit of w(3)?
2
Let h = 22 + -16. What is the units digit of h?
6
Let t(j) be the second derivative of j**5/20 + j**4/4 - j**3/3 - 3*j**2/2 + j. Let k be (-1 + 2 - 2) + -2. What is the units digit of t(k)?
3
Let s(m) = 3*m**3 - m**2. What is the units digit of s(2)?
0
Let d(h) = 1 - 5*h - 9*h + 10*h. What is the units digit of d(-1)?
5
What is the tens digit of ((-4 - -3) + -1)*-18?
3
Let g = -135 + 274. Suppose -4*f = -2*w - 38, -5*w + f - g = 2*f. Let r = -19 - w. What is the units digit of r?
8
Suppose 0 = -4*b - 0*b + 400. Suppose 0*a = -3*r - 5*a + 36, -5*r + b = -5*a. What is the tens digit of r?
1
Suppose 79 + 68 = 3*t. Let l = t + -23. What is the tens digit of l?
2
What is the tens digit of (24/9 + -2)*(41 + 1)?
2
What is the tens digit of 36 + 6/(-1 + -2)?
3
Suppose 3*m + 2*m + 45 = 0. Let n(y) = -3*y - 4. What is the units digit of n(m)?
3
Suppose y = 5*y - 20. Suppose y*o = 2*t + 24 - 66, -3*o = -3*t + 45. What is the tens digit of t?
1
Let r(m) = m. Let z(i) = i**2 - i. Let u be z(0). Let a = 3 - u. What is the units digit of r(a)?
3
What is the tens digit of 7/((-70)/4)*(0 - 125)?
5
Let i be 119/(-35) - (-3)/(-5). Let z(s) be the first derivative of -s**3/3 - 3*s**2 - 5*s + 1. What is the units digit of z(i)?
3
What is the units digit of (0 - 62/6)*-3?
1
Let b(f) = -2*f**3 + f + 1. Let n(l) = -l**2 - l - 1. Let k be n(0). Let t be b(k). What is the units digit of 64/4 + (5 - t)?
9
Let f(s) = -3*s + 4. Let t = 9 + -10. Let y(g) = -1. Let x(b) = t*f(b) - 2*y(b). What is the units digit of x(3)?
7
Suppose -5*i - 165 = -5*v, 4*v + 4*i = 107 + 17. What is the units digit of v?
2
Let p(y) = -y**2 + 26*y - 26. What is the tens digit of p(18)?
1
Suppose -4*c = -0*c - 2*s - 114, -4*c + s + 113 = 0. What is the tens digit of c?
2
Let w be 21 - 4/6*-3. Suppose 3 = 4*k + 2*d - w, 12 = 4*d. What is the units digit of k?
5
Let c be (-28)/(-6) + (-2)/3. Suppose 3*g = -3*y + 42, 2*y = -c*g + 25 + 21. What is the tens digit of (-1 + 2)*(2 + g)?
1
Suppose -27 = -5*t + 4*t. What is the units digit of t?
7
Let g(p) = p. Let b(x) = x**2 - 9*x - 3. Let o(u) = -b(u) + 3*g(u). What is the units digit of o(12)?
3
Let h = 14 + -32. Let a = 31 + h. What is the units digit of a?
3
Let g be ((1 + 0)*-2)/(-2). What is the units digit of 10/g + 0/(-1)?
0
Let k(y) = 18*y + 2. Let n be k(-2). Let x be (-4)/10 + n/(-10). Suppose 5*o + x = p + 9, 3*p - 6 = 3*o. What is the units digit of p?
4
Suppose 0 = 6*x - 1 - 17. What is the units digit of x?
3
Let z be (72/(-3))/((-15)/20). Let r = z + -15. What is the units digit of r?
7
Let p(x) = -x - 2. Let k be p(-6). Suppose 4*q - k = 20. What is the units digit of q?
6
Let y = -12 + 59. What is the units digit of y/3 - (-4)/(-6)?
5
Let c = 18 - 12. Let g(a) = 3*a + 2*a**2 - 6*a + 0*a**2 - a**2 + 1. What is the units digit of g(c)?
9
Let b(t) = -16*t - 7. What is the units digit of b(-4)?
7
Let f(k) = -10*k - 4. What is the tens digit of f(-2)?
1
Suppose -2*m + 83 - 13 = 0. Suppose 2*o = -4*k + m + 3, -2*o + 2*k + 62 = 0. What is the units digit of o?
7
Suppose 64 + 20 = 3*k. Let z = 39 - k. What is the units digit of z?
1
Suppose 2*i = v - 122, -3*v - 5*i + 22 = -289. What is the tens digit of v?
1
Suppose -8 = w - 3*w. Suppose 13 = 5*f - 4*f - a, 2*a + 2 = 0. Let d = f - w. What is the units digit of d?
8
Let t(a) = -a - 8. Let g be t(-13). Let n(k) = 0*k**2 + 7 - k**2 - 6*k + 2*k**2. What is the units digit of n(g)?
2
Let n be ((-2)/4)/(2/(-12)). Suppose 6*k = n*k + 3. Let j = 6 + k. What is the units digit of j?
7
Suppose -19 = -4*a + 1. Suppose t = 4*o - 0*o - 19, -a*o = t - 26. What is the units digit of o?
5
Let u = 1 - 1. Let r be 1 + u + 0/(-2). Let g(b) = 7*b + 1. What is the units digit of g(r)?
8
Let v be (-22)/(-8) + (-1)/(-4). Suppose 3*r = -5*q + 6*q + 8, 0 = 4*q - 4*r. Suppose -3*l + 8*l + v*z - 68 = 0, q*z = 4. What is the units digit of l?
3
Let k be 288/(-28) - (-2)/7. What is the units digit of (-2)/k - 296/(-20)?
5
Let g = 7 - 7. What is the units digit of 0 + (-12)/(-2 + g)?
6
Suppose -8*p + 1761 = -663. What is the tens digit of p?
0
Suppose 2*b + 2*b - 3*z - 151 = 0, 5*z + 25 = 0. What is the units digit of b?
4
Suppose -i = -4*i + 84. What is the tens digit of i?
2
Suppose -36*y + 318 = -30*y. What is the tens digit of y?
5
What is the units digit of 114 + -4 + (0 - 2) + -1?
7
What is the tens digit of (-910)/(-14) + 1 + -1?
6
Let h be (0 - 0)*(0 - -1). Suppose -2*o = -h*o - 2. What is the units digit of o?
1
Let r be (15/6 - 2)*4. Suppose -3*i + r = -2*i. Suppose 3*t + 2*a = 35, a + 19 = t - i*a. What is the tens digit of t?
1
Suppose 3*z + 5*g - 579 = -220, 0 = 2*z - 2*g - 234. What is the units digit of z?
8
Let a = 0 + 3. Suppose 5*r - 2*j - 76 = 0, 58 = a*r + j + 4*j. Suppose -3*s + 2*z = -r, -8 = 4*s + 3*z - 1. What is the units digit of s?
2
Let r = 664 + -398. What is the hundreds digit of r?
2
Let b(z) = -92*z + 5. What is the units digit of b(-1)?
7
What is the units digit of (-44)/8*18/(-3)